st the prime factors of m.
2, 5, 47
Suppose -123847 = -71*u + 176199. What are the prime factors of u?
2, 2113
What are the prime factors of (8 + (-100)/12)*-12?
2
Let m(o) = -6*o**2 - 5*o + 5. Let j = 20 + -25. Let k be m(j). Let r = -81 - k. What are the prime factors of r?
3, 13
Let r = -294 - -204. Let a(k) = k + 20. Let g be a(-12). What are the prime factors of g/(-44) - r/11?
2
Let s(n) = -3*n**2 + 3*n + 864. What are the prime factors of s(0)?
2, 3
Suppose -3*s + 119 = 2*y, 4*s - s + y = 124. Let g = 94 - s. What are the prime factors of g?
3, 17
List the prime factors of 0/(3 + -2) - (-15 - 542).
557
Let o(z) = 22*z - 2. Suppose 0 = -4*n + 2*n + 4. What are the prime factors of o(n)?
2, 3, 7
Let r = 8980 + -5298. List the prime factors of r.
2, 7, 263
Let y(x) = x + 2. Let j(d) = 2*d + 3. Let w(i) = -2*j(i) + 3*y(i). Let v be w(-2). Suppose -v*f = -22 - 10. What are the prime factors of f?
2
Suppose -2071 - 2687 = -13*a. What are the prime factors of a?
2, 3, 61
Let v(d) = -1425*d + 18. What are the prime factors of v(-2)?
2, 3, 239
Suppose 5*d - 78 = 3*d. Suppose 5*v + 5*b = 180, -4*v = -3*v - 2*b - d. List the prime factors of v.
37
Suppose 36*u - 80*u = -25300. List the prime factors of u.
5, 23
Suppose 5*z = 35 - 15. Suppose -5*q + 11*q = 0. Suppose q = -5*r - 5*h + h + 82, -z*r + 3*h = -78. What are the prime factors of r?
2, 3
Let z(h) = -h - 9. Let v be z(-5). Let c(i) = -i. List the prime factors of c(v).
2
Suppose -4*s - 814 = -2*y, -2*s = 5*y - 1473 - 610. Suppose y = 4*x - 41. What are the prime factors of x?
2, 3, 19
Suppose -9*t - t = -90. Suppose -7*a = -t*a + 148. List the prime factors of a.
2, 37
List the prime factors of 10/((-64)/9840*(-5)/2).
3, 5, 41
Let k(b) be the third derivative of 0 + 0*b + 5/3*b**3 - 1/24*b**4 + 11*b**2. List the prime factors of k(3).
7
Let c = 3 + -7. List the prime factors of (2 - c - -171) + (-4)/(-2).
179
Suppose -4*u - 54 = -3*n, -u - u = n + 32. Let v = u + 9. Let t(m) = -6*m - 5. What are the prime factors of t(v)?
31
Suppose -3*v + 199 = 12*h - 8*h, -h = -v - 48. List the prime factors of h.
7
Let l(s) = 596*s - 30. What are the prime factors of l(1)?
2, 283
Let w(i) be the first derivative of 11*i**2/2 + 10*i + 20. Let a(s) = 4*s - 2. Let u be a(2). List the prime factors of w(u).
2, 19
Let y(z) = z**3 - 32*z**2 + 103*z - 22. What are the prime factors of y(30)?
2, 317
Suppose -4*t + 18 + 10 = 3*f, 18 = 2*f + 2*t. Let b = -9 + f. What are the prime factors of 36/(b + (4 - 2))?
2, 3
Let g be (-34474)/14 + (-32)/56. Let l be 6/(-21) + g/(-21). Suppose l = 2*m - n, 3*m - 189 = -n - 11. What are the prime factors of m?
59
Let v be (-4040)/(-28) - (-4)/(-14). Suppose -t + v = 74. List the prime factors of t.
2, 5, 7
Suppose -20*v + 22*v + 30 = 0. Let r = 64 - v. What are the prime factors of r?
79
Let j = 465 + -684. Let k = -144 - j. List the prime factors of k.
3, 5
Let x = 951 + -284. What are the prime factors of x?
23, 29
Suppose -f = -8*f + 1218. Suppose -f = -2*o - o. Let k = 88 - o. What are the prime factors of k?
2, 3, 5
Let g(o) = 1 - 5 + 5 + o**2. Let h be g(0). Let w = 25 - h. List the prime factors of w.
2, 3
List the prime factors of 4*11007/108*9.
3, 1223
Let y be ((-6280)/24 - 2) + 4/(-3). Let c = -119 - y. What are the prime factors of c?
2, 73
Let z = 151 - -118. Suppose i = -2*d + 40, 5*i - z + 33 = 2*d. List the prime factors of i.
2, 23
Let q be -6*2*4/(-16). Suppose 3 = -q*u + 12. Suppose 25 = 2*f + u*f. List the prime factors of f.
5
Let u(d) = -17*d - 52. Let l be u(-4). What are the prime factors of 8/l*(-1 - -99)?
7
Suppose -4*r + 3*w = -3487, -12*w - 3462 = -4*r - 14*w. List the prime factors of r.
2, 7, 31
Let h(q) = 43*q**3 + 3*q**2 - 4*q + 4. Let y be h(2). Let x = y + -121. List the prime factors of x.
3, 7, 11
Suppose -3 = a + 2*a. Let c(h) = 9*h**2 - 3*h - 2. Let n be c(a). Suppose 0*d - 113 = -4*d + 3*l, 2*l = n. List the prime factors of d.
2
Let g = 49 - 51. List the prime factors of (-94)/g + -1 + 5.
3, 17
Let i(r) = 13*r**2 - 3*r - 124. List the prime factors of i(-9).
2, 239
Let b(p) = 227*p + 1114. List the prime factors of b(17).
4973
Let p = -1623 + 2300. List the prime factors of p.
677
Suppose -5*d + 32 = -t, 3*d = 2*t + 3*t + 6. List the prime factors of 306/d + -2*(-1)/7.
2, 11
Suppose -2*m = -6*m - 124. Suppose 214*j = 213*j - 60. Let a = m - j. What are the prime factors of a?
29
Suppose -2*i = -3*i + 16. Suppose w + 3*w + 4*h - 12 = 0, -4*w - 5*h = -i. List the prime factors of w*1 + (-390)/(-10).
2, 19
Let b(o) = 26*o**2 + 8*o + 2. List the prime factors of b(-4).
2, 193
Suppose -1744 = -163*l + 159*l. What are the prime factors of l?
2, 109
Let n be (((-6)/(-4))/1)/((-1)/(-10)). Suppose 2*z + 2*l - 142 = 56, n = 5*l. What are the prime factors of z?
2, 3
Suppose -2*s + 8 = -2. Suppose 159 = s*g - 441. List the prime factors of g.
2, 3, 5
Let l(c) = -7*c**3 - 19*c**2 - 69*c - 6. List the prime factors of l(-5).
739
Let f = 143 - 669. What are the prime factors of f/(-4)*1 - (-22)/(-44)?
131
What are the prime factors of (-2)/((-24)/(-9501)*9/(-36))?
3167
What are the prime factors of 6*2/(-24)*(-1 - 141)?
71
List the prime factors of (6/(-54)*-6)/((-10)/(-13995)).
3, 311
Let z(g) = g**2 + g + 5. Let s be z(5). Suppose l - 2*b + 5*b = s, -5*l + 5*b = -75. What are the prime factors of l?
2, 5
Suppose -18*s + 14*s = 0. Suppose s = 4*x - 293 - 187. What are the prime factors of x?
2, 3, 5
Suppose 2*l - 6*l = -y - 23756, -11880 = -2*l + y. What are the prime factors of l?
2, 2969
Let g(f) = -91*f + 46*f - 14 + 42*f. What are the prime factors of g(-15)?
31
Suppose 12 = -3*g, -2*r - 18 = -r - g. Let p = r - -52. List the prime factors of p.
2, 3, 5
Let k(c) = 22*c**2 + 12*c - 15. Let b be k(6). Suppose 0 = 6*j - b - 273. What are the prime factors of j?
11, 17
Suppose 15*m = 18998 + 11767. What are the prime factors of m?
7, 293
Suppose 23*x - 26*x = 1521. List the prime factors of x/(-9) - 6/(-9).
3, 19
Let m be (-6)/12*(-5 - -1). Suppose 0 = -3*x + 3*v, -v = -m*x - 5*v + 30. Suppose x*f + 57 = 8*f. What are the prime factors of f?
19
Let y = -1 - -7. Suppose -284 = -y*i + 2*i. Suppose 0 + i = 5*o + 4*t, -2*t - 62 = -4*o. List the prime factors of o.
3, 5
Let n = 3 + -7. Let c(x) = -3*x**2 - 3*x + 4. Let y be c(n). What are the prime factors of 8/(-28) - y/14?
2
Let g(o) = 2*o - 9. Let v be g(3). Let k be 218 + (0/v)/3. Suppose -7*w + 223 = -k. List the prime factors of w.
3, 7
Let z be 20 + (0/2 - -1). Let a = z + -41. Let p = 34 + a. What are the prime factors of p?
2, 7
Let d be (-44)/10 - -5 - 1972/(-5). Suppose 0 = -9*u + 4*u + d. List the prime factors of u.
79
Let q(k) = 17 + 0*k**2 - 1 - k**2 + k + 50. List the prime factors of q(0).
2, 3, 11
Let z(u) = u + 16. Let f be z(-13). Suppose 3 = -f*l + 4*l, 123 = 5*j - 4*l. Suppose 2*s + 3*s + q = 20, -4*s - 3*q = -j. List the prime factors of s.
3
Let p = -74 - -146. List the prime factors of p.
2, 3
Let x be 4/6 + (-32)/(-24). Let b be -3 + x - (0 + 11). Let i = -6 - b. List the prime factors of i.
2, 3
Suppose o - 9 = -3. What are the prime factors of ((-24)/(-20))/(o/100)?
2, 5
Suppose -4*r + 20 = -5*l, -4*r = -3*r - 2*l - 8. Suppose 6*n - n - 485 = r. What are the prime factors of n?
97
Let d = 258 + 72. List the prime factors of d.
2, 3, 5, 11
What are the prime factors of (-2)/(3 + 9940/(-1655) + 3)?
331
Suppose 4 = 2*z, 0 = -5*m + 4*z - 9*z + 150. Let q = -5 - -17. Suppose 11*h = q*h - m. What are the prime factors of h?
2, 7
Suppose -26 = -2*x - 2*h, 0*x + 3*x + 2*h - 34 = 0. Suppose x - 18 = -5*a. What are the prime factors of (2 + (a - 5))*-19?
19
Suppose -f + 2 = -4. Let h be 8/24 + (-92)/f. Let p = h + 31. What are the prime factors of p?
2
Suppose -5*s + 3 = -77. Let n = -11 + s. List the prime factors of n.
5
Let x = 20 + -18. Suppose 3*t = b - 14, -x*b + 5*t + 26 + 1 = 0. Let h = b - -8. What are the prime factors of h?
19
Let d(g) = g**2 - 5*g + 5. Let h be d(5). Let m be 2 + 3 - (-4 + h). Let k = m + 29. What are the prime factors of k?
3, 11
Let w(l) = -6 + 2*l - 1 + 0*l. Let z be w(6). Suppose z*v - 6 = 14. List the prime factors of v.
2
Suppose 3*z = -40 + 1. Let h = 63 - z. List the prime factors of h.
2, 19
What are the prime factors of (1070/40)/(2/48)?
2, 3, 